). Suppose j + 5*r - 88 = m, 289 = -4*j + r + 704. What is the tens digit of j?
0
Let a = 75232 - 37443. What is the thousands digit of a?
7
Suppose j = -3*j - 104. Let a = j - -26. What is the hundreds digit of (-10)/2*(-23 - a)?
1
Let w = 4918 + -7994. Let f be (15/(-35) - 0) + w/(-7). Let p = f + -215. What is the hundreds digit of p?
2
Let a(h) = h + 3. Let y be a(11). Let l(u) = 392 + 7*u**2 + y*u + 3*u**2 - u**3 - 399. What is the units digit of l(11)?
6
Suppose -140*z + 20*z + 3462456 = 147*z. What is the hundreds digit of z?
9
Suppose 9*u = 10*u - 242. Let a(g) = g**3 - 2*g**2 - g + 413. Let c be a(0). Let p = c - u. What is the units digit of p?
1
Suppose -651*g - 657*g - 103888 = -1324*g. What is the tens digit of g?
9
Suppose -11*d - 16 = -15*d, 0 = -v - 6*d + 48552. What is the hundreds digit of v?
5
Let m(h) = -h**3 + 18*h**2 - 24*h - 36. Let u = 135 - 266. Let s = -115 - u. What is the tens digit of m(s)?
9
Suppose 25 = 5*b - 92*n + 97*n, -32 = -5*b + 2*n. Suppose 6054 - 1734 = b*u. What is the hundreds digit of u?
7
Let w(d) = 4*d**2 - d + 400. Let k = 272 - 272. What is the tens digit of w(k)?
0
Let f(g) = 2*g**2 + 8*g + 7. Let n be f(-5). Suppose n = 4*k - 3. Suppose -7*d = -z - 2*d + 18, 42 = k*z - d. What is the units digit of z?
8
Suppose 34*y - 545910 = -24*y - 4*y. What is the tens digit of y?
0
Let a be ((-133)/3)/(5/120 - 0). Let f = 1558 + a. What is the units digit of f?
4
Let q = 1678 - -8864. What is the units digit of q?
2
Let n(p) be the second derivative of -p**3/6 + 5*p**2/2 - 3*p. Let o be n(-16). Suppose 3*h - o - 12 = 0. What is the units digit of h?
1
Let h(o) = -1650*o + 3528. What is the hundreds digit of h(-21)?
1
Let w = -355 + 352. What is the tens digit of (-6)/63*w + (-12956)/(-28)?
6
Let b = 1748 + -838. Suppose 12*i - b = 7586. Suppose p - i = -4*o - 3*p, 2*p = -6. What is the units digit of o?
0
Let t(r) be the second derivative of 26*r**3/3 + 34*r**2 + 49*r. What is the hundreds digit of t(18)?
0
Suppose 10 = -275*n + 280*n. Suppose 4*z = -3*j + 1095, 422 = n*z + j - 123. What is the units digit of z?
0
Suppose -6*n = -70 - 20. Let q(c) = -c**3 - 11*c**2 + c + 13. Let f be q(-11). What is the units digit of (1 - n/6)*f*-23?
9
Suppose -298725 = -27*x + 329841 + 340653. What is the thousands digit of x?
5
Let u = 468 + -203. Let j = u - 167. Let x = 165 - j. What is the tens digit of x?
6
Let k = -1783 - -1777. Let z(g) = 3*g + 5*g**2 + 0*g**2 + 14 - g**2. What is the units digit of z(k)?
0
Let k = -531 - -553. Let w be 9*-2*2/(-12). Suppose 4 - k = -w*j - 4*h, 5 = j + h. What is the units digit of j?
2
Suppose 12*j + 2166 = 282. Suppose -771 = -4*b + b. Let z = b + j. What is the tens digit of z?
0
Suppose 2*p - r = 19, -20*p + 15*p + 28 = 4*r. Let y(c) = 80*c - 99. What is the tens digit of y(p)?
4
Let x(i) = 247*i - 60. Let b be x(10). Let w be b/25 + -3 - (-3)/5. Let d = -49 + w. What is the tens digit of d?
4
Let h = 10444 - 6545. What is the thousands digit of h?
3
Let k be -24*((-28)/(-12) + -3). What is the units digit of (-9)/(-12) - (-7268)/k?
5
Let v = 16 - 26. Let q be (-3 - -1)*(-5)/v. Let b = q - -74. What is the tens digit of b?
7
Suppose h + 3*i = 14449, 0 = i + 216 - 222. What is the units digit of h?
1
Suppose -3*y - a = -3*a - 25, 0 = 4*y - 5*a - 24. Let i(o) = 1 + 2*o**2 - 9 + y*o + 23. What is the hundreds digit of i(9)?
2
Suppose 0 = 26*o + 50 - 154. Suppose 3*f - 1334 = -o*h + 2591, 3*h + f = 2950. What is the tens digit of h?
8
Suppose -4*w = -3*t - 60745, -2*w - 6*t = -2*t - 30356. What is the hundreds digit of w?
1
What is the units digit of 42498/5*(-1705)/(-1023)?
6
Let s(k) = k**3 - 10*k**2 - k + 4. Let n be s(10). Let y = n + 50. Suppose -4*m + 34 = -2*a, 5*m - 5*a = -3*a + y. What is the tens digit of m?
1
Let f(l) = -4*l**2 - 19*l + 1. Let i(v) = 3*v**2 + 13*v - 1. Let p(s) = 5*f(s) + 7*i(s). Let o be p(-2). Suppose o*g = -3*g + 1144. What is the tens digit of g?
8
Let g(i) = -64*i**2 - 3*i + 48. Let w be g(-8). What is the tens digit of (w/6)/(118/(-177))?
0
Let v be (-46)/(-207) + 157*(-44)/(-18). Suppose -3*r + 5*r = v. Suppose 3*i + 2*w + w = r, -68 = -i + 3*w. What is the units digit of i?
5
Suppose 7*b - 5 = 2. Suppose -b - 17 = -3*c. Suppose -3*x - 153 = -c*x. What is the units digit of x?
1
Suppose -3090 = -z - 2*p, 25*z = 20*z + 3*p + 15437. What is the thousands digit of z?
3
Suppose -2*i + 4 = 0, -3*h = -h + i - 8. What is the tens digit of 12/h + 1 + (-456)/(-2)?
3
Let b be (6/5)/((-6)/(-15)). Suppose 4 = 4*f - 4. Suppose b*u - 2*u = -f*c + 30, -45 = -2*u + c. What is the units digit of u?
4
Let f be (2/3)/(2/(-2 + 8)). Suppose -f*w - 6*u - 61 = -11*u, 95 = -5*w + u. Let r = w + 21. What is the units digit of r?
3
Suppose -2*o - 542 = 656. Let n = o - -1073. Let u = n + -301. What is the units digit of u?
3
Let p = -138 + 129. What is the units digit of 12/9*1/((-12)/p)?
1
Let p(n) be the second derivative of 71*n**3/6 - 195*n**2 + 31*n - 3. What is the units digit of p(13)?
3
Suppose -11713 - 11457 = -14*c. What is the units digit of c?
5
Let t be (18 - 18)*((-4)/3)/(-4). Suppose 0*k - k + 319 = t. What is the tens digit of k?
1
Suppose -45 - 117 = b. Let f = b - -400. What is the hundreds digit of f?
2
Suppose 4*d + 3*w = -179 - 255, 438 = -4*d - 5*w. Let c be (-228)/(((-35)/42)/(10/18)) - -3. Let o = d + c. What is the units digit of o?
8
Suppose -4*o = -2*o - 4*w + 16, w - 4 = -o. Suppose -25*p + 31*p + 7098 = o. What is the tens digit of 9/(-6) - p/14?
8
Let h = 4571 - -2838. What is the tens digit of h?
0
Let a be 2853/(-12) + (-1)/4 + -1. Let l = a - -417. Suppose k - 39 = -2*m + 145, -4*m = -k + l. What is the hundreds digit of k?
1
Suppose -32*v - 126983 = 16*v - 560039. What is the tens digit of v?
2
Let k(f) = 19*f**2 - 2*f - 31. Let s be k(-9). Let a = s + -876. What is the units digit of a?
0
Suppose 0 = -7*t - 0*t + 63. Suppose 2*m + t - 1 = 0. What is the units digit of 77/((-2)/8*m)?
7
Let d(j) = 367*j - 327. Let p be -6*(-3 + -1 + (-114)/(-36)). What is the tens digit of d(p)?
0
Let o = -20 + 26. Suppose 5*z - o*z = 0. Suppose -24*i + 21*i + 330 = z. What is the hundreds digit of i?
1
Let r = -80 + 84. Let s(x) = 42*x**2 - 8*x - 26. What is the tens digit of s(r)?
1
Suppose 3*b + 1 = -2*v, 14 = 2*v - 3*b - 3. Let w be v/(-7)*49/(-14). Let g(s) = 33*s - 12. What is the units digit of g(w)?
4
Let l = 36680 - 10558. What is the units digit of l?
2
Let x(v) = 2*v**2 - 7*v + 52. Suppose -828*s = -831*s - 39. What is the hundreds digit of x(s)?
4
Let o be ((-12)/(-10))/2 + 21/(-35). Suppose 5*w = -6*j + 2*j + 184, w - 5*j - 31 = o. Let x = w + -11. What is the units digit of x?
5
Suppose -5*a + 9519 = -8*b + 10*b, 2*b - 2*a = 9498. What is the units digit of b?
2
Let j(z) = -z**3 - 27*z**2 - 26*z + 4. Let p be j(-26). Suppose 94 = p*x + 4*y - 238, 9 = -3*y. What is the tens digit of x?
8
Let k = 6448 - 3109. What is the thousands digit of k?
3
Let m(p) = -p**2 - 13*p + 150. Let z be m(-16). Suppose z - 35 = h. What is the units digit of h?
7
Let m be (436/(-4))/(4/(-44)). Suppose -10*t = -m - 731. What is the tens digit of t?
9
Suppose 2*s + 4*p = 220, -4*s - 118 = -5*s - 4*p. Suppose -3*u + 3*q = -324, -u + 2*q + s = -9. What is the hundreds digit of u?
1
Let k be (-2219)/(-147) + -5 - (-10)/(-105). Suppose 2*s = 3*f + 1521, 0 = -14*s + k*s + 4*f + 3052. What is the units digit of s?
8
Suppose 0 = -u - 2*c - 4, -3*u = 2*u - 4*c - 36. Suppose 0 = d - u*d + 27. Let y(i) = 4*i - 23. What is the units digit of y(d)?
3
Suppose -4*i - 2 = -5*w - 15, -5*w - 31 = 2*i. Let a(g) = -9*g - 7. Let f be a(w). Suppose 13*s = 105 + f. What is the tens digit of s?
1
Suppose -26*n + 28*n + 4 = 0, 6949 = k + 2*n. What is the hundreds digit of k?
9
Let j(h) = -5*h - 108. Let x be j(-6). Let r = 159 + x. What is the tens digit of r?
8
Suppose -2*k + q = -53, 38 = k + 5*q + 6. Suppose -133 = -g - k. What is the units digit of g?
6
Let f(x) = x**3 + 3*x**2 - 2*x + 1. Let y be f(2). Suppose 11*h - 10808 = -y*h. What is the tens digit of h?
8
Let a(t) = 3*t**2 + 52*t + 26. Let n be a(-15). Let g = n - -146. What is the units digit of g?
7
Let y(n) be the second derivative of 11*n**5/20 - n**3/3 + n**2/2 - 9*n + 1. What is the tens digit of y(3)?
9
Let y = 47 - 111